-4). Let t = x + -10. Calculate the remainder when t is divided by 4.
3
Suppose -4*s + 65 = s. Let h be (-1)/(3/(2 - -22)). Let v(p) = -4*p + 6. Calculate the remainder when v(h) is divided by s.
12
Let t = 5 + -2. Let q(v) = 5*v + 2. Calculate the remainder when 1*-24*(-12)/9 is divided by q(t).
15
Let j(c) = -c**3 + 24*c**2 - 23*c + 11. What is the remainder when j(23) is divided by 1/1*7/1?
4
Suppose -3*s + 314 - 17 = 0. What is the remainder when s is divided by 25?
24
Let i(r) = 5 + r + 4*r - r - r**2. Let b be i(4). Suppose -2*v + 3*f = -67, b*v - 3*v - 2*f = 64. What is the remainder when v is divided by 10?
9
Suppose -3*o + 4*j = -115, -3*o + 2*j + 3*j + 116 = 0. What is the remainder when o is divided by 6?
1
Let i be 57 + (9/1)/(-3). Suppose i = 4*x - y - 4*y, x - 24 = -4*y. What is the remainder when 63 is divided by x?
15
Suppose -13*v + 10*v + 12 = 0. What is the remainder when 34 is divided by v?
2
Let z(u) = 13*u**2 + 4*u - 2. What is the remainder when z(2) is divided by 40?
18
Let w = 6 - 5. Suppose -c = -5 - w. Calculate the remainder when c is divided by 2.
0
Let s = 42 - 10. What is the remainder when s is divided by 18?
14
Let d = -48 + 94. Suppose -2*i - 18 = -3*s - d, 0 = 2*i + 2*s - 8. What is the remainder when i is divided by 5?
3
Let l = -9 - -9. Let g = 1 + l. What is the remainder when 2 is divided by g?
0
Suppose -18 - 17 = -5*z. Calculate the remainder when z is divided by 6/(-4)*(-6)/3.
1
Let w(n) = 10*n + 3 + 0*n**3 + 8*n**2 - n**3 - n**2. Let y be w(8). Let j = 30 - y. What is the remainder when 31 is divided by j?
9
Let x(b) = 65*b**2 - 2*b + 2. Calculate the remainder when x(1) is divided by 17.
14
Let y(f) = 12*f - 32. What is the remainder when 110 is divided by y(5)?
26
Let a(v) = -v**3 - 11*v**2 + 11. Calculate the remainder when 17 is divided by a(-11).
6
Let j = 6 + -4. Suppose 7 = v - 4*h - 16, 0 = -v - h + 38. Suppose 7*m - j*m = v. What is the remainder when 12 is divided by m?
5
Suppose 0 = -4*z + 2*x + 18, 4*z = x + 4*x + 33. What is the remainder when 4 is divided by z?
0
Suppose -5*a + 3*m + 93 = 0, 1 = 2*a - m - 37. Suppose z + 4 = 16. Calculate the remainder when a is divided by z.
9
Suppose -16 = -5*b - p, 3*p + 1 = -b - 7. Suppose h - 22 = -b. Let j(s) = 2*s**2 + 3*s. Calculate the remainder when j(-5) is divided by h.
17
Let u be (-15)/5 - (2 + -9). Suppose 0 = -u*m + 2*f + 70, m + f = 3*f + 16. Let t(r) = -3*r + 1. Calculate the remainder when m is divided by t(-2).
4
Let p(v) = 10*v**2 - 3*v - 114 + 114. Suppose f + f = 18. What is the remainder when p(2) is divided by f?
7
Suppose 5 = -r + 28. Calculate the remainder when r is divided by (-5)/((-20)/(-12)) - 44/(-4).
7
Suppose -5*g = o - 36 + 11, 2*o = -3*g + 22. Let k(m) = -m**2 - 7*m. What is the remainder when k(-5) is divided by g?
2
Let f be 5*(9/15 + -1). What is the remainder when 44/(-33)*159/f is divided by 27?
25
Suppose -2 = -2*i - 4*u - 4, u - 4 = 4*i. Calculate the remainder when 1*i + 38 - 0 is divided by -9*12/(-108) + 12 + 0.
11
Suppose -4*r = -4*w + 28, -5*w + 25 = -2*w - r. Calculate the remainder when 23 is divided by w.
5
Let l be (-4 - 2)*6/(-9). Calculate the remainder when l/(-2) + 15/1 is divided by 7.
6
Let f(t) = t**3 + 10*t**2 + 4*t - 6. What is the remainder when f(-9) is divided by 21?
18
Let y be -1 + (-2 - -5) - -2. Suppose 4*a - 50 = 2*r, 2*r - r = y*a - 49. Calculate the remainder when 35 is divided by a.
11
Let v(r) = -r**2 + r - 1. Let w(z) = -z**2 + 3*z. Let j(l) = -3*v(l) + w(l). Calculate the remainder when 62 is divided by j(3).
20
Let n be ((-4)/8)/((-2)/4). Let j(u) = 12*u - 1. Suppose -174 = -5*y - 14. What is the remainder when y is divided by j(n)?
10
Let s(c) = -c**3 + 7*c**2 - 5*c + 6. Let y be s(6). What is the remainder when 61 is divided by 85/4 + (-3)/y?
19
Let m = 4 + 13. What is the remainder when 116 is divided by m?
14
Let z be (2/(-2))/((-3)/(-3)). Let v(y) be the second derivative of -3*y**3/2 - y**2/2 + 2*y. Calculate the remainder when 22 is divided by v(z).
6
Let a = -7 - -14. Let o = -11 - -20. Let p = 13 - o. Calculate the remainder when a is divided by p.
3
Let g be (-3)/(-6) + 54/4. Suppose -3*z - 28 = -3*o + 59, 3*o = z + 91. Let k = o - g. What is the remainder when 32 is divided by k?
15
Calculate the remainder when (-1 - (-9)/3)*(-134)/(-4) is divided by 23.
21
Suppose 12 = 8*i - 4*i. Suppose -3*m + c + 20 = 0, -5*c + c - 5 = i*m. What is the remainder when 14 is divided by m?
4
Let n = 198 - 340. Let h = -96 - n. Calculate the remainder when h is divided by 12.
10
Let c(h) = -h**3 - 6*h**2 + 3. Let r be c(-5). Let o(g) = -g**3 + 8*g**2 + 1. Let l be o(8). Let u = l - r. Calculate the remainder when u is divided by 8.
7
Let u(i) = 3*i**2 + 2*i**3 - i - 4*i**3 + 2*i + i**3 + 2. Calculate the remainder when 14 is divided by u(3).
4
Let x = 10 + -7. Let y be -2 - (3 + 0/x). What is the remainder when (230/(-8))/y*4 is divided by 8?
7
Suppose 2*k + 8 = 0, w - 2*k - 12 = -3. What is the remainder when 22 is divided by (4/w)/(2/4)?
6
Let m(j) be the second derivative of j**5/20 + j**4/4 + 2*j**2 + 3*j. What is the remainder when 6 is divided by m(-3)?
2
Let u = 7 - 4. Suppose -3*z = z + 12, 5*z = -g - u. What is the remainder when -4 - (-3528)/135 - 4/30 is divided by g?
10
Suppose -138 = -o - 21. Calculate the remainder when o is divided by 12.
9
Let p = 0 - 1. Calculate the remainder when (2/(-1))/((-2)/43) is divided by ((-1)/2)/p*44.
21
Let u(p) = 2*p + 9. Let j(s) = -s - 5. Let h(k) = -11*j(k) - 6*u(k). Let l be h(3). Let o(i) = -2*i + 1. Calculate the remainder when 8 is divided by o(l).
3
Calculate the remainder when 53 is divided by 45*(-1)/5*-2.
17
Let q(v) = v**2 - 6*v - 9. Let y be q(5). Let f(d) = -5*d + 3. What is the remainder when 7/(y/(-136)) + -1 is divided by f(-4)?
21
Let j = 20 - 10. Calculate the remainder when 36 is divided by j.
6
Let h = 12 + -2. Suppose -3*z - 2*z + h = 0. What is the remainder when 4 is divided by z?
0
Suppose -2*r = r - 5*j - 58, -3*j - 22 = -r. Let y = r + -10. Calculate the remainder when 17 is divided by (y/(-5))/((-4)/30).
8
Let i(j) = 0*j - 2 - 2*j - 1 + 4*j**2 - 3*j**2. Suppose -g + 0*g + 5*x + 3 = 0, 4*x - 3 = -g. What is the remainder when i(-2) is divided by g?
2
Let j(q) = 5*q**3 + 9*q**3 + 0*q - 2*q + 1 + q. Calculate the remainder when 53 is divided by j(1).
11
Let m(h) = -h**2 + 19*h - 23. Let u = 15 + -5. Calculate the remainder when m(15) is divided by u.
7
Let j(m) = -7*m**3 - 2*m**2 + m. Let g be j(1). Let o be (-6)/((-3)/g*-2). Suppose -12 = -r + o. What is the remainder when 59 is divided by r?
19
Let f(p) = p**3 + 6*p**2 + 5*p. Suppose b + 3*b - 11 = 3*h, -h + 23 = 4*b. Calculate the remainder when (h/(-3))/((-1)/35) is divided by f(-4).
11
Let f = -9 - -38. Let t = f + -10. What is the remainder when t is divided by 10?
9
Suppose -4*i - i = -4*s + 242, -3 = -s. Let w = 16 - 30. Let r = w - i. What is the remainder when r is divided by 11?
10
Suppose 11 = 5*z + 4*b - 19, -5*z - b + 15 = 0. Let k be (-50)/(-4) - (-3)/z. Let l = k - 4. Calculate the remainder when 19 is divided by l.
9
Suppose 3*d = -0*d + 15. Suppose -1 - 14 = -d*z. What is the remainder when 4 is divided by z?
1
Let b be 3/((-44)/(-32) + -1). Suppose 0*c - b = -4*c. Calculate the remainder when 4 is divided by c.
0
Suppose -y + 2*y + 4*b - 29 = 0, -5*y = -5*b - 70. Calculate the remainder when 67 is divided by y.
16
Suppose -j - 1 + 20 = 0. What is the remainder when j is divided by 10?
9
Let f = 7 + 2. Suppose 12 = 3*m - 3*i, -5 = -3*i - 2*i. Suppose -3*n + w - m*w + 28 = 0, -n - w = -f. What is the remainder when 15 is divided by n?
7
Let f = 0 + -4. Let b(c) = c**3 + 3*c**2 - 5*c - 1. Let l be b(f). Suppose -6*z + 36 = -l*z. What is the remainder when 47 is divided by z?
11
Let y(q) = q**2 + q - 5. Let k(r) = -r**2 - 2*r - 1. Let v be k(-3). Let b be y(v). Suppose 2*m - 23 - b = 0. What is the remainder when 44 is divided by m?
14
Suppose 0 = 10*w - 8*w - 430. Calculate the remainder when w is divided by 54.
53
Let m be (3/3)/((-2)/(-68)). Suppose 6 = 5*w - m. Let f = 13 - w. What is the remainder when f is divided by 3?
2
What is the remainder when (405/6)/(1/2) is divided by 6?
3
Let i = -34 + 61. What is the remainder when i is divided b